 12?
10471
Convert -514 (base 9) to base 3.
-120111
Convert a7bc (base 13) to base 12.
115a4
-25be (base 15) to base 12
-47b2
Convert 7d8 (base 16) to base 14.
a36
Convert -421 (base 12) to base 13.
-373
-59c (base 14) to base 9
-1472
-17560 (base 13) to base 9
-67477
-30315 (base 8) to base 13
-58c0
Convert -d1 (base 16) to base 5.
-1314
Convert 6830 (base 13) to base 5.
431243
-16846 (base 11) to base 5
-1224040
What is -a3 (base 15) in base 6?
-413
Convert -100133 (base 5) to base 9.
-4310
-7e49 (base 15) to base 11
-19194
What is -5db6 (base 16) in base 6?
-303022
Convert -2012100 (base 3) to base 2.
-11001000010
8250 (base 9) to base 14
22b5
Convert 27407 (base 9) to base 14.
6a96
Convert -676 (base 11) to base 14.
-41b
6c84 (base 15) to base 14
85a2
1011011011111 (base 2) to base 12
347b
-19881 (base 10) to base 14
-7361
What is 603 (base 13) in base 8?
1771
Convert -f5 (base 16) to base 7.
-500
Convert 7640 (base 8) to base 4.
332200
What is -31033321 (base 4) in base 14?
-15ac1
Convert c37a (base 16) to base 10.
50042
32112 (base 7) to base 3
101220100
What is 1431 (base 9) in base 5?
13311
What is 1722 (base 11) in base 14?
b34
1628 (base 10) to base 7
4514
Convert 50 (base 14) to base 4.
1012
What is 11101100101 (base 2) in base 14?
993
Convert -8788 (base 10) to base 4.
-2021110
235 (base 16) to base 5
4230
Convert 393 (base 15) to base 5.
11223
Convert 24305 (base 6) to base 10.
3569
What is 1302 (base 5) in base 9?
244
24288 (base 9) to base 3
211022222
-2031 (base 6) to base 5
-3301
-405 (base 13) to base 6
-3053
Convert -20214 (base 7) to base 11.
-3765
What is 3694 (base 10) in base 5?
104234
11001001001 (base 2) to base 12
b21
3303 (base 4) to base 7
465
What is -101011010111 (base 2) in base 3?
-10210210
Convert 4162 (base 11) to base 15.
1978
-16556 (base 11) to base 7
-124624
What is -303 (base 5) in base 7?
-141
Convert 166a (base 16) to base 4.
1121222
-1523 (base 8) to base 13
-506
What is 10746 (base 8) in base 15?
1557
4020 (base 5) to base 8
776
Convert 12467 (base 10) to base 15.
3a62
-10100203 (base 4) to base 14
-64dd
19c (base 13) to base 4
10222
-73b0 (base 14) to base 11
-13a97
What is 193 (base 10) in base 14?
db
64b (base 12) to base 6
4135
-1033 (base 8) to base 14
-2a7
Convert -67d (base 15) to base 16.
-5bc
2150 (base 6) to base 8
762
Convert -60 (base 10) to base 5.
-220
What is 433 (base 6) in base 14?
bb
What is -4612 (base 9) in base 4?
-311111
Convert b43 (base 13) to base 14.
9aa
-1b17 (base 16) to base 8
-15427
Convert 1111011110010 (base 2) to base 6.
100402
10022 (base 3) to base 10
89
-217574 (base 8) to base 2
-10001111101111100
Convert 464 (base 15) to base 8.
1742
Convert 4424 (base 8) to base 2.
100100010100
What is 14614 (base 7) in base 2?
111111101110
Convert 2112221022 (base 3) to base 13.
19b4a
What is -50c0 (base 16) in base 14?
-7768
-1302223 (base 4) to base 12
-42b7
What is 27511 (base 12) in base 6?
1055221
What is -5111 (base 8) in base 3?
-10121112
Convert 12321 (base 5) to base 4.
33001
Convert 213aa (base 12) to base 5.
2400022
Convert 5354 (base 15) to base 3.
220011221
What is -1466 (base 10) in base 4?
-112322
What is -b8 (base 13) in base 15?
-a1
What is 23215 (base 7) in base 15?
1b61
1121121 (base 4) to base 7
22452
7037 (base 13) to base 7
62654
What is 104c (base 14) in base 9?
3764
15332 (base 8) to base 15
2084
What is -2899 (base 11) in base 10?
-3738
What is -16158 (base 11) in base 4?
-11210123
1198a (base 11) to base 13
7a6c
What is 10101111 (base 2) in base 4?
2233
What is 10101000 (base 2) in base 4?
2220
Convert -2d24 (base 15) to base 5.
-302314
Convert -4114 (base 8) to base 12.
-1290
-1c7 (base 13) to base 11
-282
-51a2 (base 12) to base 9
-13185
4371 (base 10) to base 16
1113
Convert 1050 (base 9) to base 11.
644
What is -146341 (base 8) in base 10?
-52449
a00 (base 13) to base 10
1690
What is 196a (base 12) in base 4?
300202
Convert -12101202 (base 3) to base 11.
-2a58
What is -26222 (base 7) in base 12?
-4052
What is -144 (base 14) in base 5?
-2011
What is 642 (base 15) in base 12?
998
-20223 (base 6) to base 7
-10545
What is 1112412 (base 5) in base 2?
100110100010100
Convert -109a (base 12) to base 16.
-736
10001001001 (base 2) to base 6
5025
What is -24339 (base 13) in base 9?
-111150
What is -224011 (base 6) in base 5?
-1102030
What is 173 (base 16) in base 4?
11303
177 (base 12) to base 4
3223
8c08 (base 14) to base 9
36313
2666 (base 7) to base 5
13103
110100011011 (base 2) to base 14
1319
Convert -10144 (base 5) to base 9.
-828
Convert -698 (base 15) to base 9.
-2038
Convert 471 (base 16) to base 15.
50c
What is -130502 (base 7) in base 11?
-17252
Convert -17535 (base 9) to base 7.
-50165
9c6 (base 16) to base 4
213012
Convert 10292 (base 14) to base 4.
21200120
-13000 (base 7) to base 5
-102210
Convert 2122200 (base 3) to base 9.
2580
-20110 (base 3) to base 10
-174
ea8 (base 16) to base 5
110002
503 (base 15) to base 7
3201
Convert -132140 (base 5) to base 4.
-1102233
Convert 41628 (base 9) to base 7.
143063
What is 1131 (base 14) in base 7?
11461
What is 25b (base 12) in base 10?
359
-212 (base 6) to base 2
-1010000
-113022 (base 5) to base 12
-2489
What is 11001011 (base 2) in base 15?
d8
-1264 (base 8) to base 6
-3112
2547 (base 10) to base 4
213303
2100220 (base 3) to base 15
7a0
-24321 (base 5) to base 13
-ab3
-10100 (base 3) to base 6
-230
-12202221 (base 3) to base 6
-31254
What is 29c5 (base 14) in base 16?
1d01
-31303 (base 4) to base 5
-12013
2533 (base 8) to base 4
111123
What is 249 (base 16) in base 7?
1464
Convert 515 (base 10) to base 7.
1334
Convert -25db (base 14) to base 6.
-50501
Convert -3251 (base 8) to base 4.
-122221
What is -335165 (base 7) in base 10?
-59435
What is 255 (base 8) in base 4?
2231
Convert 17589 (base 10) to base 14.
65a5
What is 1200022 (base 3) in base 16?
4c7
What is 25c (base 16) in base 3?
211101
-3f3 (base 16) to base 4
-33303
4323 (base 16) to base 6
211323
Convert -18439 (base 12) to base 3.
-1210021000
18205 (base 12) to base 13
12b30
322341 (base 5) to base 16
2adb
What is 2b7 (base 15) in base 8?
1156
What is -25070 (base 8) in base 9?
-15738
Convert 10001100111100 (base 2) to base 3.
110101002
Convert 113522 (base 6) to base 12.
58a2
Convert -21816 (base 11) to base 9.
-47308
What is -2132 (base 5) in base 15?
-147
Convert 9516 (base 13) to base 8.
50235
What is 2110211 (base 3) in base 8?
3414
Convert -1c6 (base 13) to base 7.
-652
What is 6448 (base 9) in base 13?
220a
What is 21 (base 9) in base 12?
17
What is -422 (base 6) in base 9?
-185
-36736 (base 9) to base 16
-6051
312 (base 4) to base 8
66
What is 18683 (base 9) in base 2?
11001010011010
Convert -13282 (base 10) to base 3.
-200012221
What is 556b (base 13) in base 16?
2e8f
-1003444 (base 6) to base 9
-72111
730a (base 13) to base 5
1002041
What is -174 (base 16) in base 15?
-19c
Convert -1001110 (base 2) to base 12.
-66
Convert -2672 (base 9) to base 5.
-31014
Convert 82a4 (base 14) to base 12.
11020
Convert 542 (base 13) to base 8.
1603
Convert 3867 (base 10) to base 13.
19b6
3622 (base 7) to base 12
937
Convert 239d (base 16) to base 8.
21635
-7137 (base 10) to base 2
-1101111100001
-11955 (base 10) to base 16
-2eb3
Convert 37e8 (base 16) to base 13.
668c
Convert -1654 (base 8) to base 4.
-32230
What is -110220011 (base 3) in base 11?
-7076
What is 6594 (base 12) in base 2?
10101111000000
Convert -1001200 (base 3) to base 5.
-11044
106b (base 14) to base 7
11164
23010 (base 5) to base 11
1252
Convert 10000001010000010 (base 2) to base 5.
4104203
12 (base 3) to base 13
5
120 (base 14) to base 13
143
22000221 (base 3) to base 7
23035
Convert 105b (base 12) to base 10.
1799
Convert 222304 (base 6) to base 14.
6b4c
What is -1076 (base 9) in base 11?
-666
Convert 231 (base 4) to base 12.
39
What is 297 (base 10) in base 14?
173
Convert -12030 (base 4) to base 15.
-1b6
What is -2185 (base 10) in base 8?
-4211
-36206 (base 7) to base 14
-35ad
11036 (base 7) to base 6
20455
Convert -21101200 (base 3) to base 13.
-25b9
Convert 1475 (base 12) to base 7.
6656
Convert -2125 (base 6) to base 5.
-3420
Convert 200201201 (base 3) to base 8.
32526
What is 1012000002 (base 3) in base 12?
11602
345 (base 13) to base 3
202220
What is 14052 (base 10) i